{"id":20,"date":"2024-10-23T17:01:04","date_gmt":"2024-10-23T17:01:04","guid":{"rendered":"https:\/\/shizif.ba\/?page_id=20"},"modified":"2025-03-16T21:40:56","modified_gmt":"2025-03-16T21:40:56","slug":"diskografija","status":"publish","type":"page","link":"https:\/\/shizif.ba\/?page_id=20","title":{"rendered":"Diskografija"},"content":{"rendered":"\t\t<div data-elementor-type=\"wp-page\" data-elementor-id=\"20\" class=\"elementor elementor-20\" data-elementor-post-type=\"page\">\n\t\t\t\t<div class=\"elementor-element elementor-element-e2462af e-flex e-con-boxed e-con e-parent\" data-id=\"e2462af\" data-element_type=\"container\">\n\t\t\t\t\t<div class=\"e-con-inner\">\n\t\t\t\t<div class=\"elementor-element elementor-element-68ccc5f elementor-widget elementor-widget-spacer\" data-id=\"68ccc5f\" data-element_type=\"widget\" data-widget_type=\"spacer.default\">\n\t\t\t\t<div class=\"elementor-widget-container\">\n\t\t\t\t\t<div class=\"elementor-spacer\">\n\t\t\t<div class=\"elementor-spacer-inner\"><\/div>\n\t\t<\/div>\n\t\t\t\t<\/div>\n\t\t\t\t<\/div>\n\t\t\t\t<div class=\"elementor-element elementor-element-579e7c8 elementor-hidden-desktop elementor-widget elementor-widget-image\" data-id=\"579e7c8\" data-element_type=\"widget\" data-widget_type=\"image.default\">\n\t\t\t\t<div class=\"elementor-widget-container\">\n\t\t\t\t\t\t\t\t\t\t\t\t\t<img fetchpriority=\"high\" decoding=\"async\" width=\"800\" height=\"400\" src=\"https:\/\/shizif.ba\/wp-content\/uploads\/2024\/10\/diskografijamobile-1024x512.png\" class=\"attachment-large size-large wp-image-707\" alt=\"\" srcset=\"https:\/\/shizif.ba\/wp-content\/uploads\/2024\/10\/diskografijamobile-1024x512.png 1024w, https:\/\/shizif.ba\/wp-content\/uploads\/2024\/10\/diskografijamobile-300x150.png 300w, https:\/\/shizif.ba\/wp-content\/uploads\/2024\/10\/diskografijamobile-768x384.png 768w, https:\/\/shizif.ba\/wp-content\/uploads\/2024\/10\/diskografijamobile-1536x768.png 1536w, https:\/\/shizif.ba\/wp-content\/uploads\/2024\/10\/diskografijamobile.png 2000w\" sizes=\"(max-width: 800px) 100vw, 800px\" \/>\t\t\t\t\t\t\t\t\t\t\t\t\t<\/div>\n\t\t\t\t<\/div>\n\t\t\t\t<div class=\"elementor-element elementor-element-b9547ae elementor-hidden-tablet elementor-hidden-mobile elementor-widget elementor-widget-image\" data-id=\"b9547ae\" data-element_type=\"widget\" data-widget_type=\"image.default\">\n\t\t\t\t<div class=\"elementor-widget-container\">\n\t\t\t\t\t\t\t\t\t\t\t\t\t<img decoding=\"async\" width=\"800\" height=\"400\" src=\"https:\/\/shizif.ba\/wp-content\/uploads\/2024\/10\/diskografija-1024x512.png\" class=\"attachment-large size-large wp-image-669\" alt=\"\" srcset=\"https:\/\/shizif.ba\/wp-content\/uploads\/2024\/10\/diskografija-1024x512.png 1024w, https:\/\/shizif.ba\/wp-content\/uploads\/2024\/10\/diskografija-300x150.png 300w, https:\/\/shizif.ba\/wp-content\/uploads\/2024\/10\/diskografija-768x384.png 768w, https:\/\/shizif.ba\/wp-content\/uploads\/2024\/10\/diskografija-1536x768.png 1536w, https:\/\/shizif.ba\/wp-content\/uploads\/2024\/10\/diskografija.png 2000w\" sizes=\"(max-width: 800px) 100vw, 800px\" \/>\t\t\t\t\t\t\t\t\t\t\t\t\t<\/div>\n\t\t\t\t<\/div>\n\t\t\t\t<div class=\"elementor-element elementor-element-3a70b4a elementor-widget-divider--view-line_text elementor-widget-divider--element-align-center elementor-widget elementor-widget-divider\" data-id=\"3a70b4a\" data-element_type=\"widget\" data-widget_type=\"divider.default\">\n\t\t\t\t<div class=\"elementor-widget-container\">\n\t\t\t\t\t<div class=\"elementor-divider\">\n\t\t\t<span class=\"elementor-divider-separator\">\n\t\t\t\t\t\t\t<span class=\"elementor-divider__text elementor-divider__element\">\n\t\t\t\tSpotovi\t\t\t\t<\/span>\n\t\t\t\t\t\t<\/span>\n\t\t<\/div>\n\t\t\t\t<\/div>\n\t\t\t\t<\/div>\n\t\t<div class=\"elementor-element elementor-element-4f841bb e-grid e-con-full e-con e-child\" data-id=\"4f841bb\" data-element_type=\"container\">\n\t\t\t\t<div class=\"elementor-element elementor-element-47ac291 elementor-widget elementor-widget-video\" data-id=\"47ac291\" data-element_type=\"widget\" data-settings=\"{&quot;youtube_url&quot;:&quot;https:\\\/\\\/www.youtube.com\\\/watch?v=Q3U14VD2N8I&quot;,&quot;video_type&quot;:&quot;youtube&quot;}\" data-widget_type=\"video.default\">\n\t\t\t\t<div class=\"elementor-widget-container\">\n\t\t\t\t\t<div class=\"elementor-wrapper elementor-open-inline\">\n\t\t\t<div class=\"elementor-video\"><\/div>\t\t<\/div>\n\t\t\t\t<\/div>\n\t\t\t\t<\/div>\n\t\t\t\t<div class=\"elementor-element elementor-element-37e8462 elementor-widget elementor-widget-video\" data-id=\"37e8462\" data-element_type=\"widget\" data-settings=\"{&quot;youtube_url&quot;:&quot;https:\\\/\\\/www.youtube.com\\\/watch?v=AHbelro85YM&quot;,&quot;video_type&quot;:&quot;youtube&quot;}\" data-widget_type=\"video.default\">\n\t\t\t\t<div class=\"elementor-widget-container\">\n\t\t\t\t\t<div class=\"elementor-wrapper elementor-open-inline\">\n\t\t\t<div class=\"elementor-video\"><\/div>\t\t<\/div>\n\t\t\t\t<\/div>\n\t\t\t\t<\/div>\n\t\t\t\t<div class=\"elementor-element elementor-element-4c970c6 elementor-widget elementor-widget-video\" data-id=\"4c970c6\" data-element_type=\"widget\" data-settings=\"{&quot;youtube_url&quot;:&quot;https:\\\/\\\/www.youtube.com\\\/watch?v=v7gxbbZWWn0&quot;,&quot;video_type&quot;:&quot;youtube&quot;}\" data-widget_type=\"video.default\">\n\t\t\t\t<div class=\"elementor-widget-container\">\n\t\t\t\t\t<div class=\"elementor-wrapper elementor-open-inline\">\n\t\t\t<div class=\"elementor-video\"><\/div>\t\t<\/div>\n\t\t\t\t<\/div>\n\t\t\t\t<\/div>\n\t\t\t\t<div class=\"elementor-element elementor-element-d1adb9e elementor-widget elementor-widget-video\" data-id=\"d1adb9e\" data-element_type=\"widget\" data-settings=\"{&quot;youtube_url&quot;:&quot;https:\\\/\\\/www.youtube.com\\\/watch?v=0ThRuzOnW98&quot;,&quot;video_type&quot;:&quot;youtube&quot;}\" data-widget_type=\"video.default\">\n\t\t\t\t<div class=\"elementor-widget-container\">\n\t\t\t\t\t<div class=\"elementor-wrapper elementor-open-inline\">\n\t\t\t<div class=\"elementor-video\"><\/div>\t\t<\/div>\n\t\t\t\t<\/div>\n\t\t\t\t<\/div>\n\t\t\t\t<\/div>\n\t\t\t\t\t<\/div>\n\t\t\t\t<\/div>\n\t\t<div class=\"elementor-element elementor-element-c6ad751 e-flex e-con-boxed e-con e-parent\" data-id=\"c6ad751\" data-element_type=\"container\">\n\t\t\t\t\t<div class=\"e-con-inner\">\n\t\t\t\t<div class=\"elementor-element elementor-element-2f57037 elementor-widget-divider--view-line_text elementor-widget-divider--element-align-center elementor-widget elementor-widget-divider\" data-id=\"2f57037\" data-element_type=\"widget\" data-widget_type=\"divider.default\">\n\t\t\t\t<div class=\"elementor-widget-container\">\n\t\t\t\t\t<div class=\"elementor-divider\">\n\t\t\t<span class=\"elementor-divider-separator\">\n\t\t\t\t\t\t\t<span class=\"elementor-divider__text elementor-divider__element\">\n\t\t\t\tAlbumi\t\t\t\t<\/span>\n\t\t\t\t\t\t<\/span>\n\t\t<\/div>\n\t\t\t\t<\/div>\n\t\t\t\t<\/div>\n\t\t\t\t<div class=\"elementor-element elementor-element-a6cefc9 elementor-widget elementor-widget-liza-spotify-widget\" data-id=\"a6cefc9\" data-element_type=\"widget\" data-widget_type=\"liza-spotify-widget.default\">\n\t\t\t\t<div class=\"elementor-widget-container\">\n\t\t\t            <iframe src=\"https:\/\/open.spotify.com\/embed\/album\/1JWM1qFAgOFdP8YVaZTM7g?si=fAUpelGOR36SuuglZPrPaQ\" width=\"100%\" height=\"550\" frameBorder=\"0\" allowtransparency=\"true\" allow=\"encrypted-media\"><\/iframe>\n        \t\t<\/div>\n\t\t\t\t<\/div>\n\t\t\t\t<div class=\"elementor-element elementor-element-853c527 elementor-widget elementor-widget-spacer\" data-id=\"853c527\" data-element_type=\"widget\" data-widget_type=\"spacer.default\">\n\t\t\t\t<div class=\"elementor-widget-container\">\n\t\t\t\t\t<div class=\"elementor-spacer\">\n\t\t\t<div class=\"elementor-spacer-inner\"><\/div>\n\t\t<\/div>\n\t\t\t\t<\/div>\n\t\t\t\t<\/div>\n\t\t\t\t<div class=\"elementor-element elementor-element-585e9b5 elementor-widget-divider--view-line_text elementor-widget-divider--element-align-center elementor-widget elementor-widget-divider\" data-id=\"585e9b5\" data-element_type=\"widget\" data-widget_type=\"divider.default\">\n\t\t\t\t<div class=\"elementor-widget-container\">\n\t\t\t\t\t<div class=\"elementor-divider\">\n\t\t\t<span class=\"elementor-divider-separator\">\n\t\t\t\t\t\t\t<span class=\"elementor-divider__text elementor-divider__element\">\n\t\t\t\tSinglovi\t\t\t\t<\/span>\n\t\t\t\t\t\t<\/span>\n\t\t<\/div>\n\t\t\t\t<\/div>\n\t\t\t\t<\/div>\n\t\t\t\t\t<\/div>\n\t\t\t\t<\/div>\n\t\t<div class=\"elementor-element elementor-element-fa41a01 e-flex e-con-boxed e-con e-parent\" data-id=\"fa41a01\" data-element_type=\"container\">\n\t\t\t\t\t<div class=\"e-con-inner\">\n\t\t\t\t<div class=\"elementor-element elementor-element-68b4461 elementor-widget elementor-widget-liza-spotify-widget\" data-id=\"68b4461\" data-element_type=\"widget\" data-widget_type=\"liza-spotify-widget.default\">\n\t\t\t\t<div class=\"elementor-widget-container\">\n\t\t\t            <iframe src=\"https:\/\/open.spotify.com\/embed\/track\/51XlpgczWa4gr7LOnUZy9X?si=6ebef7370e34435c\" width=\"100%\" height=\"200\" frameBorder=\"0\" allowtransparency=\"true\" allow=\"encrypted-media\"><\/iframe>\n        \t\t<\/div>\n\t\t\t\t<\/div>\n\t\t\t\t\t<\/div>\n\t\t\t\t<\/div>\n\t\t<div class=\"elementor-element elementor-element-53ae05f e-flex e-con-boxed e-con e-parent\" data-id=\"53ae05f\" data-element_type=\"container\">\n\t\t\t\t\t<div class=\"e-con-inner\">\n\t\t\t\t<div class=\"elementor-element elementor-element-603ad2f elementor-widget elementor-widget-liza-spotify-widget\" data-id=\"603ad2f\" data-element_type=\"widget\" data-widget_type=\"liza-spotify-widget.default\">\n\t\t\t\t<div class=\"elementor-widget-container\">\n\t\t\t            <iframe src=\"https:\/\/open.spotify.com\/embed\/track\/6v1Jp8imz76DMX59o1LFjA?si=8b4cab5c232e49eb\" width=\"100%\" height=\"200\" frameBorder=\"0\" allowtransparency=\"true\" allow=\"encrypted-media\"><\/iframe>\n        \t\t<\/div>\n\t\t\t\t<\/div>\n\t\t\t\t\t<\/div>\n\t\t\t\t<\/div>\n\t\t<div class=\"elementor-element elementor-element-98a4463 e-flex e-con-boxed e-con e-parent\" data-id=\"98a4463\" data-element_type=\"container\">\n\t\t\t\t\t<div class=\"e-con-inner\">\n\t\t\t\t<div class=\"elementor-element elementor-element-f2b24fa elementor-widget elementor-widget-liza-spotify-widget\" data-id=\"f2b24fa\" data-element_type=\"widget\" data-widget_type=\"liza-spotify-widget.default\">\n\t\t\t\t<div class=\"elementor-widget-container\">\n\t\t\t            <iframe src=\"https:\/\/open.spotify.com\/embed\/track\/0dcZQ8MlXQy4XU8tSaOz6W?si=7a34c0ff734d4e55\" width=\"100%\" height=\"200\" frameBorder=\"0\" allowtransparency=\"true\" allow=\"encrypted-media\"><\/iframe>\n        \t\t<\/div>\n\t\t\t\t<\/div>\n\t\t\t\t\t<\/div>\n\t\t\t\t<\/div>\n\t\t<div class=\"elementor-element elementor-element-dd3135b e-flex e-con-boxed e-con e-parent\" data-id=\"dd3135b\" data-element_type=\"container\">\n\t\t\t\t\t<div class=\"e-con-inner\">\n\t\t\t\t<div class=\"elementor-element elementor-element-deac1a5 elementor-hidden-desktop elementor-widget elementor-widget-spacer\" data-id=\"deac1a5\" data-element_type=\"widget\" data-widget_type=\"spacer.default\">\n\t\t\t\t<div class=\"elementor-widget-container\">\n\t\t\t\t\t<div class=\"elementor-spacer\">\n\t\t\t<div class=\"elementor-spacer-inner\"><\/div>\n\t\t<\/div>\n\t\t\t\t<\/div>\n\t\t\t\t<\/div>\n\t\t\t\t\t<\/div>\n\t\t\t\t<\/div>\n\t\t\t\t<\/div>\n\t\t","protected":false},"excerpt":{"rendered":"<p>Spotovi https:\/\/www.youtube.com\/watch?v=Q3U14VD2N8Ihttps:\/\/www.youtube.com\/watch?v=AHbelro85YMhttps:\/\/www.youtube.com\/watch?v=v7gxbbZWWn0https:\/\/www.youtube.com\/watch?v=0ThRuzOnW98 Albumi Singlovi<\/p>\n","protected":false},"author":1,"featured_media":0,"parent":0,"menu_order":0,"comment_status":"closed","ping_status":"closed","template":"","meta":{"footnotes":""},"class_list":["post-20","page","type-page","status-publish","hentry"],"yoast_head":"<!-- This site is optimized with the Yoast SEO plugin v23.8 - https:\/\/yoast.com\/wordpress\/plugins\/seo\/ -->\n<title>Diskografija - Shizif<\/title>\n<meta name=\"robots\" content=\"index, follow, max-snippet:-1, max-image-preview:large, max-video-preview:-1\" \/>\n<link rel=\"canonical\" href=\"https:\/\/shizif.ba\/?page_id=20\" \/>\n<meta property=\"og:locale\" content=\"en_US\" \/>\n<meta property=\"og:type\" content=\"article\" \/>\n<meta property=\"og:title\" content=\"Diskografija - Shizif\" \/>\n<meta property=\"og:description\" content=\"Spotovi https:\/\/www.youtube.com\/watch?v=Q3U14VD2N8Ihttps:\/\/www.youtube.com\/watch?v=AHbelro85YMhttps:\/\/www.youtube.com\/watch?v=v7gxbbZWWn0https:\/\/www.youtube.com\/watch?v=0ThRuzOnW98 Albumi Singlovi\" \/>\n<meta property=\"og:url\" content=\"https:\/\/shizif.ba\/?page_id=20\" \/>\n<meta property=\"og:site_name\" content=\"Shizif\" \/>\n<meta property=\"article:publisher\" content=\"https:\/\/www.facebook.com\/p\/Shizif-61553759941975\/\" \/>\n<meta property=\"article:modified_time\" content=\"2025-03-16T21:40:56+00:00\" \/>\n<meta property=\"og:image\" content=\"https:\/\/shizif.ba\/wp-content\/uploads\/2024\/10\/diskografijamobile.png\" \/>\n\t<meta property=\"og:image:width\" content=\"2000\" \/>\n\t<meta property=\"og:image:height\" content=\"1000\" \/>\n\t<meta property=\"og:image:type\" content=\"image\/png\" \/>\n<meta name=\"twitter:card\" content=\"summary_large_image\" \/>\n<meta name=\"twitter:label1\" content=\"Est. reading time\" \/>\n\t<meta name=\"twitter:data1\" content=\"1 minute\" \/>\n<script type=\"application\/ld+json\" class=\"yoast-schema-graph\">{\"@context\":\"https:\/\/schema.org\",\"@graph\":[{\"@type\":\"WebPage\",\"@id\":\"https:\/\/shizif.ba\/?page_id=20\",\"url\":\"https:\/\/shizif.ba\/?page_id=20\",\"name\":\"Diskografija - Shizif\",\"isPartOf\":{\"@id\":\"https:\/\/shizif.ba\/#website\"},\"primaryImageOfPage\":{\"@id\":\"https:\/\/shizif.ba\/?page_id=20#primaryimage\"},\"image\":{\"@id\":\"https:\/\/shizif.ba\/?page_id=20#primaryimage\"},\"thumbnailUrl\":\"https:\/\/shizif.ba\/wp-content\/uploads\/2024\/10\/diskografijamobile-1024x512.png\",\"datePublished\":\"2024-10-23T17:01:04+00:00\",\"dateModified\":\"2025-03-16T21:40:56+00:00\",\"breadcrumb\":{\"@id\":\"https:\/\/shizif.ba\/?page_id=20#breadcrumb\"},\"inLanguage\":\"en-US\",\"potentialAction\":[{\"@type\":\"ReadAction\",\"target\":[\"https:\/\/shizif.ba\/?page_id=20\"]}]},{\"@type\":\"ImageObject\",\"inLanguage\":\"en-US\",\"@id\":\"https:\/\/shizif.ba\/?page_id=20#primaryimage\",\"url\":\"https:\/\/shizif.ba\/wp-content\/uploads\/2024\/10\/diskografijamobile.png\",\"contentUrl\":\"https:\/\/shizif.ba\/wp-content\/uploads\/2024\/10\/diskografijamobile.png\",\"width\":2000,\"height\":1000},{\"@type\":\"BreadcrumbList\",\"@id\":\"https:\/\/shizif.ba\/?page_id=20#breadcrumb\",\"itemListElement\":[{\"@type\":\"ListItem\",\"position\":1,\"name\":\"Home\",\"item\":\"https:\/\/shizif.ba\/\"},{\"@type\":\"ListItem\",\"position\":2,\"name\":\"Diskografija\"}]},{\"@type\":\"WebSite\",\"@id\":\"https:\/\/shizif.ba\/#website\",\"url\":\"https:\/\/shizif.ba\/\",\"name\":\"Shizif\",\"description\":\"Shizif je mladi muzi\u010dki sastav osnovan 2023. godine u Sarajevu. \u010cine ga Faruk Tufo, Kerim Poturak, Josip Stapi\u0107, Ale\u0161 Hajduk i Omar Operta.\",\"publisher\":{\"@id\":\"https:\/\/shizif.ba\/#organization\"},\"potentialAction\":[{\"@type\":\"SearchAction\",\"target\":{\"@type\":\"EntryPoint\",\"urlTemplate\":\"https:\/\/shizif.ba\/?s={search_term_string}\"},\"query-input\":{\"@type\":\"PropertyValueSpecification\",\"valueRequired\":true,\"valueName\":\"search_term_string\"}}],\"inLanguage\":\"en-US\"},{\"@type\":\"Organization\",\"@id\":\"https:\/\/shizif.ba\/#organization\",\"name\":\"Shizif\",\"url\":\"https:\/\/shizif.ba\/\",\"logo\":{\"@type\":\"ImageObject\",\"inLanguage\":\"en-US\",\"@id\":\"https:\/\/shizif.ba\/#\/schema\/logo\/image\/\",\"url\":\"https:\/\/shizif.ba\/wp-content\/uploads\/2024\/10\/mag.png\",\"contentUrl\":\"https:\/\/shizif.ba\/wp-content\/uploads\/2024\/10\/mag.png\",\"width\":1080,\"height\":1080,\"caption\":\"Shizif\"},\"image\":{\"@id\":\"https:\/\/shizif.ba\/#\/schema\/logo\/image\/\"},\"sameAs\":[\"https:\/\/www.facebook.com\/p\/Shizif-61553759941975\/\",\"https:\/\/www.instagram.com\/shizif.bend\/\",\"https:\/\/www.youtube.com\/@shizifbend\"]}]}<\/script>\n<!-- \/ Yoast SEO plugin. -->","yoast_head_json":{"title":"Diskografija - Shizif","robots":{"index":"index","follow":"follow","max-snippet":"max-snippet:-1","max-image-preview":"max-image-preview:large","max-video-preview":"max-video-preview:-1"},"canonical":"https:\/\/shizif.ba\/?page_id=20","og_locale":"en_US","og_type":"article","og_title":"Diskografija - Shizif","og_description":"Spotovi https:\/\/www.youtube.com\/watch?v=Q3U14VD2N8Ihttps:\/\/www.youtube.com\/watch?v=AHbelro85YMhttps:\/\/www.youtube.com\/watch?v=v7gxbbZWWn0https:\/\/www.youtube.com\/watch?v=0ThRuzOnW98 Albumi Singlovi","og_url":"https:\/\/shizif.ba\/?page_id=20","og_site_name":"Shizif","article_publisher":"https:\/\/www.facebook.com\/p\/Shizif-61553759941975\/","article_modified_time":"2025-03-16T21:40:56+00:00","og_image":[{"width":2000,"height":1000,"url":"https:\/\/shizif.ba\/wp-content\/uploads\/2024\/10\/diskografijamobile.png","type":"image\/png"}],"twitter_card":"summary_large_image","twitter_misc":{"Est. reading time":"1 minute"},"schema":{"@context":"https:\/\/schema.org","@graph":[{"@type":"WebPage","@id":"https:\/\/shizif.ba\/?page_id=20","url":"https:\/\/shizif.ba\/?page_id=20","name":"Diskografija - Shizif","isPartOf":{"@id":"https:\/\/shizif.ba\/#website"},"primaryImageOfPage":{"@id":"https:\/\/shizif.ba\/?page_id=20#primaryimage"},"image":{"@id":"https:\/\/shizif.ba\/?page_id=20#primaryimage"},"thumbnailUrl":"https:\/\/shizif.ba\/wp-content\/uploads\/2024\/10\/diskografijamobile-1024x512.png","datePublished":"2024-10-23T17:01:04+00:00","dateModified":"2025-03-16T21:40:56+00:00","breadcrumb":{"@id":"https:\/\/shizif.ba\/?page_id=20#breadcrumb"},"inLanguage":"en-US","potentialAction":[{"@type":"ReadAction","target":["https:\/\/shizif.ba\/?page_id=20"]}]},{"@type":"ImageObject","inLanguage":"en-US","@id":"https:\/\/shizif.ba\/?page_id=20#primaryimage","url":"https:\/\/shizif.ba\/wp-content\/uploads\/2024\/10\/diskografijamobile.png","contentUrl":"https:\/\/shizif.ba\/wp-content\/uploads\/2024\/10\/diskografijamobile.png","width":2000,"height":1000},{"@type":"BreadcrumbList","@id":"https:\/\/shizif.ba\/?page_id=20#breadcrumb","itemListElement":[{"@type":"ListItem","position":1,"name":"Home","item":"https:\/\/shizif.ba\/"},{"@type":"ListItem","position":2,"name":"Diskografija"}]},{"@type":"WebSite","@id":"https:\/\/shizif.ba\/#website","url":"https:\/\/shizif.ba\/","name":"Shizif","description":"Shizif je mladi muzi\u010dki sastav osnovan 2023. godine u Sarajevu. \u010cine ga Faruk Tufo, Kerim Poturak, Josip Stapi\u0107, Ale\u0161 Hajduk i Omar Operta.","publisher":{"@id":"https:\/\/shizif.ba\/#organization"},"potentialAction":[{"@type":"SearchAction","target":{"@type":"EntryPoint","urlTemplate":"https:\/\/shizif.ba\/?s={search_term_string}"},"query-input":{"@type":"PropertyValueSpecification","valueRequired":true,"valueName":"search_term_string"}}],"inLanguage":"en-US"},{"@type":"Organization","@id":"https:\/\/shizif.ba\/#organization","name":"Shizif","url":"https:\/\/shizif.ba\/","logo":{"@type":"ImageObject","inLanguage":"en-US","@id":"https:\/\/shizif.ba\/#\/schema\/logo\/image\/","url":"https:\/\/shizif.ba\/wp-content\/uploads\/2024\/10\/mag.png","contentUrl":"https:\/\/shizif.ba\/wp-content\/uploads\/2024\/10\/mag.png","width":1080,"height":1080,"caption":"Shizif"},"image":{"@id":"https:\/\/shizif.ba\/#\/schema\/logo\/image\/"},"sameAs":["https:\/\/www.facebook.com\/p\/Shizif-61553759941975\/","https:\/\/www.instagram.com\/shizif.bend\/","https:\/\/www.youtube.com\/@shizifbend"]}]}},"_links":{"self":[{"href":"https:\/\/shizif.ba\/index.php?rest_route=\/wp\/v2\/pages\/20","targetHints":{"allow":["GET"]}}],"collection":[{"href":"https:\/\/shizif.ba\/index.php?rest_route=\/wp\/v2\/pages"}],"about":[{"href":"https:\/\/shizif.ba\/index.php?rest_route=\/wp\/v2\/types\/page"}],"author":[{"embeddable":true,"href":"https:\/\/shizif.ba\/index.php?rest_route=\/wp\/v2\/users\/1"}],"replies":[{"embeddable":true,"href":"https:\/\/shizif.ba\/index.php?rest_route=%2Fwp%2Fv2%2Fcomments&post=20"}],"version-history":[{"count":109,"href":"https:\/\/shizif.ba\/index.php?rest_route=\/wp\/v2\/pages\/20\/revisions"}],"predecessor-version":[{"id":1418,"href":"https:\/\/shizif.ba\/index.php?rest_route=\/wp\/v2\/pages\/20\/revisions\/1418"}],"wp:attachment":[{"href":"https:\/\/shizif.ba\/index.php?rest_route=%2Fwp%2Fv2%2Fmedia&parent=20"}],"curies":[{"name":"wp","href":"https:\/\/api.w.org\/{rel}","templated":true}]}}